{"id":623,"date":"2025-12-04T20:11:25","date_gmt":"2025-12-04T20:11:25","guid":{"rendered":"https:\/\/boucleslanmou.com\/?post_type=product&#038;p=623"},"modified":"2026-03-12T18:23:08","modified_gmt":"2026-03-12T18:23:08","slug":"la-routine-bouclee","status":"publish","type":"product","link":"https:\/\/boucleslanmou.com\/?product=la-routine-bouclee","title":{"rendered":"La routine boucl\u00e9e"},"content":{"rendered":"<div class=\"x78zum5 xdt5ytf x1iyjqo2 xhc7eg\">\n<div class=\"x9f619 x1ja2u2z __fb-light-mode x1xsqp64 x18d0r48 x78zum5 x1r8uery xdt5ytf x1iyjqo2 xmz0i5r x6ikm8r x10wlt62 x1n2onr6\">\n<div class=\"x78zum5 xdt5ytf x1iyjqo2 x5yr21d\">\n<div id=\"_r_3d_\" class=\"x78zum5 xdt5ytf x1iyjqo2 x5yr21d\">\n<div class=\"x78zum5 xdt5ytf x1iyjqo2 x5yr21d\">\n<div class=\"x1gp6l83 x18b5jzi x1alpsbp x148vw1v x1t7ytsu xyumdvf x78zum5 xdt5ytf x1iyjqo2 x6ikm8r x10wlt62\" role=\"grid\" aria-label=\"Messages dans la conversation avec St\u00e9phanie Palie\">\n<div class=\"x1qjc9v5 x9f619 xdl72j9 x2lwn1j xeuugli x1n2onr6 x78zum5 xdt5ytf x1iyjqo2 xs83m0k x6ikm8r x10wlt62 x1ja2u2z\">\n<div class=\"x78zum5 xdt5ytf x1iyjqo2 x6ikm8r x1odjw0f xish69e x16o0dkt\" role=\"none\">\n<div class=\"x78zum5 xdt5ytf x1iyjqo2 x2lah0s xl56j7k x121v3j4\">\n<div>\n<div class=\"x78zum5 xdt5ytf\" data-virtualized=\"false\">\n<div class=\"x9f619 x1n2onr6 x1ja2u2z\">\n<div>\n<div>\n<div class=\"__fb-light-mode x1n2onr6\" role=\"row\">\n<div>\n<div class=\"x78zum5 xdt5ytf x1n2onr6\" tabindex=\"0\" role=\"gridcell\" data-release-focus-from=\"CLICK\" data-scope=\"messages_table\">\n<div class=\"html-div xdj266r x14z9mp xat24cr x1lziwak xexx8yu xyri2b x18d9i69 x1c1uobl x78zum5 x15zctf7\">\n<div class=\"html-div xdj266r x14z9mp xat24cr x1lziwak xexx8yu xyri2b x18d9i69 x1c1uobl xeuugli x1vjfegm\">\n<div>\n<div class=\"html-div xdj266r x14z9mp xat24cr x1lziwak xexx8yu xyri2b x18d9i69 x1c1uobl x78zum5 xh8yej3\" role=\"presentation\">\n<div class=\"x78zum5 xdt5ytf x193iq5w x1n2onr6 x1kxipp6 xuk3077\">\n<div class=\"x78zum5 xh8yej3\" role=\"none\">\n<div class=\"html-div xdj266r x14z9mp xat24cr x1lziwak xexx8yu xyri2b x18d9i69 x1c1uobl x6ikm8r x10wlt62\">\n<div class=\"html-div xdj266r x14z9mp xat24cr x1lziwak x14ctfv x13sv91t x6ikm8r x10wlt62 xerhiuh x1pn3fxy x10zy8in xm9bcq3 x1n2onr6 x1vjfegm x1k4qllp x1mzt3pk x13faqbe x11jlvup xpmdkuv xrmkrer x12z03op x9wyiwl x13fuv20 x18b5jzi x1q0q8m5 x1t7ytsu x12lizq0 x1nrdd72 x1ybe9c6 xx487zo xaymx6s x1lu5o8o x1ou5ly4 xofb2d2\" role=\"presentation\">\n<div class=\"html-div xexx8yu xyri2b x18d9i69 x1c1uobl x1gslohp x14z9mp x12nagc x1lziwak x1yc453h x126k92a xyk4ms5\" dir=\"auto\">La gamme Boucles Lanmou propose une routine simple et efficace en 3 \u00e9tapes pour les cheveux boucl\u00e9s, fris\u00e9s et cr\u00e9pus.<\/div>\n<div dir=\"auto\"><\/div>\n<div class=\"html-div xexx8yu xyri2b x18d9i69 x1c1uobl x1gslohp x14z9mp x12nagc x1lziwak x1yc453h x126k92a xyk4ms5\" dir=\"auto\">Le shampooing r\u00e9parateur nettoie en douceur et renforce la fibre capillaire.<\/div>\n<div dir=\"auto\"><\/div>\n<div class=\"html-div xexx8yu xyri2b x18d9i69 x1c1uobl x1gslohp x14z9mp x12nagc x1lziwak x1yc453h x126k92a xyk4ms5\" dir=\"auto\">Le triple soin capillaire nourrit, hydrate et r\u00e9pare intens\u00e9ment, en masque, apr\u00e8s-shampooing ou leave-in.<\/div>\n<div dir=\"auto\"><\/div>\n<div class=\"html-div xexx8yu xyri2b x18d9i69 x1c1uobl x1gslohp x14z9mp x12nagc x1lziwak x1yc453h x126k92a xyk4ms5\" dir=\"auto\">La gel\u00e9e d\u00e9finition de boucles d\u00e9finit les boucles sans effet cartonn\u00e9 et apporte de la brillance.<\/div>\n<div dir=\"auto\"><\/div>\n<div class=\"html-div xexx8yu xyri2b x18d9i69 x1c1uobl x1gslohp x14z9mp x12nagc x1lziwak x1yc453h x126k92a xyk4ms5\" dir=\"auto\">La brosse de d\u00e9finition vient parfaire le coiffage en structurant les boucles m\u00e8che par m\u00e8che, pour une d\u00e9finition uniforme et durable.<\/div>\n<div dir=\"auto\"><\/div>\n<div class=\"html-div xexx8yu xyri2b x18d9i69 x1c1uobl x1gslohp x14z9mp x12nagc x1lziwak x1yc453h x126k92a xyk4ms5\" dir=\"auto\">Une routine compl\u00e8te pour des boucles saines et d\u00e9finies.<\/div>\n<\/div>\n<\/div>\n<\/div>\n<\/div>\n<\/div>\n<\/div>\n<\/div>\n<\/div>\n<\/div>\n<\/div>\n<\/div>\n<\/div>\n<\/div>\n<\/div>\n<\/div>\n<\/div>\n<\/div>\n<\/div>\n<\/div>\n<\/div>\n<\/div>\n<\/div>\n<\/div>\n<\/div>\n<\/div>\n","protected":false},"excerpt":{"rendered":"<p>La gamme Boucles Lanmou propose une routine simple et efficace en 3 \u00e9tapes pour les cheveux boucl\u00e9s, fris\u00e9s et cr\u00e9pus. Le shampooing r\u00e9parateur nettoie en douceur et renforce la fibre capillaire. Le triple soin capillaire nourrit, hydrate et r\u00e9pare intens\u00e9ment, en masque, apr\u00e8s-shampooing ou leave-in. La gel\u00e9e d\u00e9finition de boucles d\u00e9finit les boucles sans effet [&hellip;]<\/p>\n","protected":false},"featured_media":624,"comment_status":"open","ping_status":"closed","template":"","meta":[],"product_brand":[],"product_cat":[18],"product_tag":[],"class_list":{"0":"post-623","1":"product","2":"type-product","3":"status-publish","4":"has-post-thumbnail","6":"product_cat-non-classe","8":"first","9":"instock","10":"taxable","11":"shipping-taxable","12":"purchasable","13":"product-type-simple"},"yoast_head":"<!-- This site is optimized with the Yoast SEO plugin v27.3 - https:\/\/yoast.com\/product\/yoast-seo-wordpress\/ -->\n<title>La routine boucl\u00e9e - boucleslanmou.com<\/title>\n<meta name=\"robots\" content=\"index, follow, max-snippet:-1, max-image-preview:large, max-video-preview:-1\" \/>\n<link rel=\"canonical\" href=\"https:\/\/boucleslanmou.com\/?product=la-routine-bouclee\" \/>\n<meta property=\"og:locale\" content=\"fr_FR\" \/>\n<meta property=\"og:type\" content=\"article\" \/>\n<meta property=\"og:title\" content=\"La routine boucl\u00e9e - boucleslanmou.com\" \/>\n<meta property=\"og:description\" content=\"La gamme Boucles Lanmou propose une routine simple et efficace en 3 \u00e9tapes pour les cheveux boucl\u00e9s, fris\u00e9s et cr\u00e9pus. Le shampooing r\u00e9parateur nettoie en douceur et renforce la fibre capillaire. Le triple soin capillaire nourrit, hydrate et r\u00e9pare intens\u00e9ment, en masque, apr\u00e8s-shampooing ou leave-in. La gel\u00e9e d\u00e9finition de boucles d\u00e9finit les boucles sans effet [&hellip;]\" \/>\n<meta property=\"og:url\" content=\"https:\/\/boucleslanmou.com\/?product=la-routine-bouclee\" \/>\n<meta property=\"og:site_name\" content=\"boucleslanmou.com\" \/>\n<meta property=\"article:modified_time\" content=\"2026-03-12T18:23:08+00:00\" \/>\n<meta property=\"og:image\" content=\"https:\/\/boucleslanmou.com\/wp-content\/uploads\/2025\/12\/image00001-7.jpeg\" \/>\n\t<meta property=\"og:image:width\" content=\"1500\" \/>\n\t<meta property=\"og:image:height\" content=\"2000\" \/>\n\t<meta property=\"og:image:type\" content=\"image\/jpeg\" \/>\n<meta name=\"twitter:card\" content=\"summary_large_image\" \/>\n<meta name=\"twitter:label1\" content=\"Dur\u00e9e de lecture estim\u00e9e\" \/>\n\t<meta name=\"twitter:data1\" content=\"1 minute\" \/>\n<script type=\"application\/ld+json\" class=\"yoast-schema-graph\">{\"@context\":\"https:\\\/\\\/schema.org\",\"@graph\":[{\"@type\":\"WebPage\",\"@id\":\"https:\\\/\\\/boucleslanmou.com\\\/?product=la-routine-bouclee\",\"url\":\"https:\\\/\\\/boucleslanmou.com\\\/?product=la-routine-bouclee\",\"name\":\"La routine boucl\u00e9e - boucleslanmou.com\",\"isPartOf\":{\"@id\":\"https:\\\/\\\/boucleslanmou.com\\\/#website\"},\"primaryImageOfPage\":{\"@id\":\"https:\\\/\\\/boucleslanmou.com\\\/?product=la-routine-bouclee#primaryimage\"},\"image\":{\"@id\":\"https:\\\/\\\/boucleslanmou.com\\\/?product=la-routine-bouclee#primaryimage\"},\"thumbnailUrl\":\"https:\\\/\\\/boucleslanmou.com\\\/wp-content\\\/uploads\\\/2025\\\/12\\\/image00001-7-e1774330810230.jpeg\",\"datePublished\":\"2025-12-04T20:11:25+00:00\",\"dateModified\":\"2026-03-12T18:23:08+00:00\",\"breadcrumb\":{\"@id\":\"https:\\\/\\\/boucleslanmou.com\\\/?product=la-routine-bouclee#breadcrumb\"},\"inLanguage\":\"fr-FR\",\"potentialAction\":[{\"@type\":\"ReadAction\",\"target\":[\"https:\\\/\\\/boucleslanmou.com\\\/?product=la-routine-bouclee\"]}]},{\"@type\":\"ImageObject\",\"inLanguage\":\"fr-FR\",\"@id\":\"https:\\\/\\\/boucleslanmou.com\\\/?product=la-routine-bouclee#primaryimage\",\"url\":\"https:\\\/\\\/boucleslanmou.com\\\/wp-content\\\/uploads\\\/2025\\\/12\\\/image00001-7-e1774330810230.jpeg\",\"contentUrl\":\"https:\\\/\\\/boucleslanmou.com\\\/wp-content\\\/uploads\\\/2025\\\/12\\\/image00001-7-e1774330810230.jpeg\",\"width\":1500,\"height\":1683},{\"@type\":\"BreadcrumbList\",\"@id\":\"https:\\\/\\\/boucleslanmou.com\\\/?product=la-routine-bouclee#breadcrumb\",\"itemListElement\":[{\"@type\":\"ListItem\",\"position\":1,\"name\":\"Accueil\",\"item\":\"https:\\\/\\\/boucleslanmou.com\\\/\"},{\"@type\":\"ListItem\",\"position\":2,\"name\":\"Boutique\",\"item\":\"https:\\\/\\\/boucleslanmou.com\\\/?page_id=797\"},{\"@type\":\"ListItem\",\"position\":3,\"name\":\"La routine boucl\u00e9e\"}]},{\"@type\":\"WebSite\",\"@id\":\"https:\\\/\\\/boucleslanmou.com\\\/#website\",\"url\":\"https:\\\/\\\/boucleslanmou.com\\\/\",\"name\":\"boucleslanmou.com\",\"description\":\"Soins Naturels pour Cheveux Boucl\u00e9s\",\"publisher\":{\"@id\":\"https:\\\/\\\/boucleslanmou.com\\\/#organization\"},\"potentialAction\":[{\"@type\":\"SearchAction\",\"target\":{\"@type\":\"EntryPoint\",\"urlTemplate\":\"https:\\\/\\\/boucleslanmou.com\\\/?s={search_term_string}\"},\"query-input\":{\"@type\":\"PropertyValueSpecification\",\"valueRequired\":true,\"valueName\":\"search_term_string\"}}],\"inLanguage\":\"fr-FR\"},{\"@type\":\"Organization\",\"@id\":\"https:\\\/\\\/boucleslanmou.com\\\/#organization\",\"name\":\"boucleslanmou.com\",\"url\":\"https:\\\/\\\/boucleslanmou.com\\\/\",\"logo\":{\"@type\":\"ImageObject\",\"inLanguage\":\"fr-FR\",\"@id\":\"https:\\\/\\\/boucleslanmou.com\\\/#\\\/schema\\\/logo\\\/image\\\/\",\"url\":\"https:\\\/\\\/boucleslanmou.com\\\/wp-content\\\/uploads\\\/2025\\\/04\\\/Boucles-Lanmou_Logo_Couleur-1-1-e1774325270237.png\",\"contentUrl\":\"https:\\\/\\\/boucleslanmou.com\\\/wp-content\\\/uploads\\\/2025\\\/04\\\/Boucles-Lanmou_Logo_Couleur-1-1-e1774325270237.png\",\"width\":483,\"height\":220,\"caption\":\"boucleslanmou.com\"},\"image\":{\"@id\":\"https:\\\/\\\/boucleslanmou.com\\\/#\\\/schema\\\/logo\\\/image\\\/\"}}]}<\/script>\n<!-- \/ Yoast SEO plugin. -->","yoast_head_json":{"title":"La routine boucl\u00e9e - boucleslanmou.com","robots":{"index":"index","follow":"follow","max-snippet":"max-snippet:-1","max-image-preview":"max-image-preview:large","max-video-preview":"max-video-preview:-1"},"canonical":"https:\/\/boucleslanmou.com\/?product=la-routine-bouclee","og_locale":"fr_FR","og_type":"article","og_title":"La routine boucl\u00e9e - boucleslanmou.com","og_description":"La gamme Boucles Lanmou propose une routine simple et efficace en 3 \u00e9tapes pour les cheveux boucl\u00e9s, fris\u00e9s et cr\u00e9pus. Le shampooing r\u00e9parateur nettoie en douceur et renforce la fibre capillaire. Le triple soin capillaire nourrit, hydrate et r\u00e9pare intens\u00e9ment, en masque, apr\u00e8s-shampooing ou leave-in. La gel\u00e9e d\u00e9finition de boucles d\u00e9finit les boucles sans effet [&hellip;]","og_url":"https:\/\/boucleslanmou.com\/?product=la-routine-bouclee","og_site_name":"boucleslanmou.com","article_modified_time":"2026-03-12T18:23:08+00:00","og_image":[{"width":1500,"height":2000,"url":"https:\/\/boucleslanmou.com\/wp-content\/uploads\/2025\/12\/image00001-7.jpeg","type":"image\/jpeg"}],"twitter_card":"summary_large_image","twitter_misc":{"Dur\u00e9e de lecture estim\u00e9e":"1 minute"},"schema":{"@context":"https:\/\/schema.org","@graph":[{"@type":"WebPage","@id":"https:\/\/boucleslanmou.com\/?product=la-routine-bouclee","url":"https:\/\/boucleslanmou.com\/?product=la-routine-bouclee","name":"La routine boucl\u00e9e - boucleslanmou.com","isPartOf":{"@id":"https:\/\/boucleslanmou.com\/#website"},"primaryImageOfPage":{"@id":"https:\/\/boucleslanmou.com\/?product=la-routine-bouclee#primaryimage"},"image":{"@id":"https:\/\/boucleslanmou.com\/?product=la-routine-bouclee#primaryimage"},"thumbnailUrl":"https:\/\/boucleslanmou.com\/wp-content\/uploads\/2025\/12\/image00001-7-e1774330810230.jpeg","datePublished":"2025-12-04T20:11:25+00:00","dateModified":"2026-03-12T18:23:08+00:00","breadcrumb":{"@id":"https:\/\/boucleslanmou.com\/?product=la-routine-bouclee#breadcrumb"},"inLanguage":"fr-FR","potentialAction":[{"@type":"ReadAction","target":["https:\/\/boucleslanmou.com\/?product=la-routine-bouclee"]}]},{"@type":"ImageObject","inLanguage":"fr-FR","@id":"https:\/\/boucleslanmou.com\/?product=la-routine-bouclee#primaryimage","url":"https:\/\/boucleslanmou.com\/wp-content\/uploads\/2025\/12\/image00001-7-e1774330810230.jpeg","contentUrl":"https:\/\/boucleslanmou.com\/wp-content\/uploads\/2025\/12\/image00001-7-e1774330810230.jpeg","width":1500,"height":1683},{"@type":"BreadcrumbList","@id":"https:\/\/boucleslanmou.com\/?product=la-routine-bouclee#breadcrumb","itemListElement":[{"@type":"ListItem","position":1,"name":"Accueil","item":"https:\/\/boucleslanmou.com\/"},{"@type":"ListItem","position":2,"name":"Boutique","item":"https:\/\/boucleslanmou.com\/?page_id=797"},{"@type":"ListItem","position":3,"name":"La routine boucl\u00e9e"}]},{"@type":"WebSite","@id":"https:\/\/boucleslanmou.com\/#website","url":"https:\/\/boucleslanmou.com\/","name":"boucleslanmou.com","description":"Soins Naturels pour Cheveux Boucl\u00e9s","publisher":{"@id":"https:\/\/boucleslanmou.com\/#organization"},"potentialAction":[{"@type":"SearchAction","target":{"@type":"EntryPoint","urlTemplate":"https:\/\/boucleslanmou.com\/?s={search_term_string}"},"query-input":{"@type":"PropertyValueSpecification","valueRequired":true,"valueName":"search_term_string"}}],"inLanguage":"fr-FR"},{"@type":"Organization","@id":"https:\/\/boucleslanmou.com\/#organization","name":"boucleslanmou.com","url":"https:\/\/boucleslanmou.com\/","logo":{"@type":"ImageObject","inLanguage":"fr-FR","@id":"https:\/\/boucleslanmou.com\/#\/schema\/logo\/image\/","url":"https:\/\/boucleslanmou.com\/wp-content\/uploads\/2025\/04\/Boucles-Lanmou_Logo_Couleur-1-1-e1774325270237.png","contentUrl":"https:\/\/boucleslanmou.com\/wp-content\/uploads\/2025\/04\/Boucles-Lanmou_Logo_Couleur-1-1-e1774325270237.png","width":483,"height":220,"caption":"boucleslanmou.com"},"image":{"@id":"https:\/\/boucleslanmou.com\/#\/schema\/logo\/image\/"}}]}},"_links":{"self":[{"href":"https:\/\/boucleslanmou.com\/index.php?rest_route=\/wp\/v2\/product\/623","targetHints":{"allow":["GET"]}}],"collection":[{"href":"https:\/\/boucleslanmou.com\/index.php?rest_route=\/wp\/v2\/product"}],"about":[{"href":"https:\/\/boucleslanmou.com\/index.php?rest_route=\/wp\/v2\/types\/product"}],"replies":[{"embeddable":true,"href":"https:\/\/boucleslanmou.com\/index.php?rest_route=%2Fwp%2Fv2%2Fcomments&post=623"}],"wp:featuredmedia":[{"embeddable":true,"href":"https:\/\/boucleslanmou.com\/index.php?rest_route=\/wp\/v2\/media\/624"}],"wp:attachment":[{"href":"https:\/\/boucleslanmou.com\/index.php?rest_route=%2Fwp%2Fv2%2Fmedia&parent=623"}],"wp:term":[{"taxonomy":"product_brand","embeddable":true,"href":"https:\/\/boucleslanmou.com\/index.php?rest_route=%2Fwp%2Fv2%2Fproduct_brand&post=623"},{"taxonomy":"product_cat","embeddable":true,"href":"https:\/\/boucleslanmou.com\/index.php?rest_route=%2Fwp%2Fv2%2Fproduct_cat&post=623"},{"taxonomy":"product_tag","embeddable":true,"href":"https:\/\/boucleslanmou.com\/index.php?rest_route=%2Fwp%2Fv2%2Fproduct_tag&post=623"}],"curies":[{"name":"wp","href":"https:\/\/api.w.org\/{rel}","templated":true}]}}